{"id":405,"date":"2018-02-26T22:53:05","date_gmt":"2018-02-26T22:53:05","guid":{"rendered":"http:\/\/heimat-und-geschichtsverein-buxtehude.de\/?page_id=405"},"modified":"2018-03-16T16:44:42","modified_gmt":"2018-03-16T16:44:42","slug":"buechertisch","status":"publish","type":"page","link":"https:\/\/heimat-und-geschichtsverein-buxtehude.de\/?page_id=405","title":{"rendered":"B\u00fcchertisch"},"content":{"rendered":"<h1>B\u00fcchertisch<\/h1>\n<p>Nachstehend aufgef\u00fchrte und vom Heimat- und Geschichtsverein Buxtehude herausgegebene B\u00fccher sind erh\u00e4ltlich und k\u00f6nnen direkt im Buxtehude\u00b7Museum, Stavenort 2 in Buxtehude erworben oder vom Heimat- und Geschichtsverein per Post gegen Rechnung zuz\u00fcglich Verpackungs- und Versandkosten verschickt werden:<\/p>\n<p><span style=\"font-size: 10px;\">Preisliste (Stand Dezember 2015)<\/span><\/p>\n<table style=\"width: 100%;\" width=\"100%\" cellpadding=\"0\" border=\"0\" cellspacing=\"0\">\n<tbody>\n<tr>\n<td style=\"width: 3%; text-align: center; vertical-align: top;\">\u2666<\/td>\n<td style=\"text-align: left; vertical-align: top; width: 80%;\">Heimatliches Buxtehude,<br \/>\nBand VII Buxtehude 2015<\/td>\n<td style=\"width: 17%; text-align: left; vertical-align: top;\">19,80 \u20ac<\/td>\n<\/tr>\n<tr>\n<td style=\"width: 3%; text-align: center; vertical-align: top;\">\u2666<\/td>\n<td style=\"text-align: left; vertical-align: top; width: 80%;\">Heimatliches Buxtehude,<br \/>\nBand VI Buxtehude 2003<\/td>\n<td style=\"width: 17%; text-align: left; vertical-align: top;\">18,00 \u20ac<\/td>\n<\/tr>\n<tr>\n<td style=\"width: 3%; text-align: center; vertical-align: top;\">\u2666<\/td>\n<td style=\"text-align: left; vertical-align: top; width: 80%;\">Heimatliches Buxtehude,<br \/>\nBand IV Buxtehude 1972<\/td>\n<td style=\"width: 17%; text-align: left; vertical-align: top;\">5,00 \u20ac<\/td>\n<\/tr>\n<tr>\n<td style=\"width: 3%; text-align: center; vertical-align: top;\">\u2666<\/td>\n<td style=\"text-align: left; vertical-align: top; width: 80%;\">Johann D. Bellmann: Mit L\u00fcttjep\u00fctt d\u00f6rch\u2019t Johr<br \/>\nBuxtehude 2010<\/td>\n<td style=\"width: 17%; text-align: left; vertical-align: top;\">5,00 \u20ac<\/td>\n<\/tr>\n<tr>\n<td style=\"width: 3%; text-align: center; vertical-align: top;\">\u2666<\/td>\n<td style=\"text-align: left; vertical-align: top; width: 80%;\">Konrad K\u00fcster: Musikstadt Buxtehude. Bausteine einer Geschichte<br \/>\nBuxtehude 2009<\/td>\n<td style=\"width: 17%; text-align: left; vertical-align: top;\">12,80 \u20ac<\/td>\n<\/tr>\n<tr>\n<td style=\"width: 3%; text-align: center; vertical-align: top;\">\u2666<\/td>\n<td style=\"text-align: left; vertical-align: top; width: 80%;\">Hans-Georg Blank und Werner Fibig: Ein Baumpfad im S\u00fcden der Stadt<br \/>\nBuxtehude 2009<\/td>\n<td style=\"width: 17%; text-align: left; vertical-align: top;\">2,00 \u20ac<\/td>\n<\/tr>\n<tr>\n<td style=\"width: 3%; text-align: center; vertical-align: top;\">\u2666<\/td>\n<td style=\"text-align: left; vertical-align: top; width: 80%;\">R\u00fcdiger Articus:<br \/>\n&nbsp;\u201eBuxtehude! &#8230; das Entz\u00fccken der Hamburger K\u00fcnstlerschaft\u201c.<br \/>\nDie Stadt an der Este in k\u00fcnstlerischen Ansichten<br \/>\ndes 19. und fr\u00fchen 20. Jahrhunderts<br \/>\nBuxtehude 2006<\/td>\n<td style=\"width: 17%; text-align: left; vertical-align: top;\">18,50 \u20ac<\/td>\n<\/tr>\n<tr>\n<td style=\"width: 3%; text-align: center; vertical-align: top;\">\u2666<\/td>\n<td style=\"text-align: left; vertical-align: top; width: 80%;\">Johann D. Bellmann:<br \/>\nUns Herrgott sien Dagl\u00f6hner un anner Vertelln<br \/>\nBuxtehude 2006<\/td>\n<td style=\"width: 17%; text-align: left; vertical-align: top;\">12,80 \u20ac<\/td>\n<\/tr>\n<tr>\n<td style=\"width: 3%; text-align: center; vertical-align: top;\">\u2666<\/td>\n<td style=\"text-align: left; vertical-align: top; width: 80%;\">Antje Ghosh und Edith Walter:<br \/>\nEine Nacht in der St.-Petri-Kirche.<br \/>\nDie ungew\u00f6hnliche Reise der K\u00f6nigin Caroline von England<br \/>\nBuxtehude 2003<\/td>\n<td style=\"width: 17%; text-align: left; vertical-align: top;\">10,00 \u20ac<\/td>\n<\/tr>\n<tr>\n<td style=\"width: 3%; text-align: center; vertical-align: top;\">\u2666<\/td>\n<td style=\"text-align: left; vertical-align: top; width: 80%;\">Buxtehuder Has\u2019 und Igel weltweit<br \/>\nBuxtehude 1999<\/td>\n<td style=\"width: 17%; text-align: left; vertical-align: top;\">23,00 \u20ac<\/td>\n<\/tr>\n<tr>\n<td style=\"width: 3%; text-align: center; vertical-align: top;\">\u2666<\/td>\n<td style=\"text-align: left; vertical-align: top; width: 80%;\">Martin Jank und Hans-Georg Blank:<br \/>\nHeimatverein bringt alten Viverkahn nach<br \/>\nJahren im Schlick wieder zu Wasser<br \/>\nBuxtehude 1997<\/td>\n<td style=\"width: 17%; text-align: left; vertical-align: top;\">&nbsp;<\/td>\n<\/tr>\n<\/tbody>\n<\/table>\n","protected":false},"excerpt":{"rendered":"<p>B\u00fcchertisch Nachstehend aufgef\u00fchrte und vom Heimat- und Geschichtsverein Buxtehude herausgegebene B\u00fccher sind erh\u00e4ltlich und k\u00f6nnen direkt im Buxtehude\u00b7Museum, Stavenort 2 in Buxtehude erworben oder vom Heimat- und Geschichtsverein per Post gegen Rechnung zuz\u00fcglich Verpackungs- und Versandkosten verschickt werden: Preisliste (Stand Dezember 2015) \u2666 Heimatliches Buxtehude, Band VII Buxtehude 2015 19,80\u2026<\/p>\n<p> <a class=\"continue-reading-link\" href=\"https:\/\/heimat-und-geschichtsverein-buxtehude.de\/?page_id=405\"><span>Continue reading<\/span><i class=\"crycon-right-dir\"><\/i><\/a> <\/p>\n","protected":false},"author":1,"featured_media":0,"parent":0,"menu_order":0,"comment_status":"closed","ping_status":"closed","template":"","meta":{"ngg_post_thumbnail":0,"footnotes":""},"yoast_head":"<!-- This site is optimized with the Yoast SEO plugin v23.5 - https:\/\/yoast.com\/wordpress\/plugins\/seo\/ -->\n<title>B\u00fcchertisch - Heimat- und Geschichtsverein Buxtehude<\/title>\n<meta name=\"description\" content=\"B\u00fcchertisch, Nachstehend aufgef\u00fchrte und vom Heimat-und Geschichtsverein Buxtehude herausgegebene B\u00fccher k\u00f6nnen direkt im Buxtehude\u00b7Museum, Stavenort 2 in Buxtehude erworben oder vom Heimatverein per Post gegen Rechnung zuz\u00fcglich Verpackungs- und Versandkosten verschickt werden:\" \/>\n<meta name=\"robots\" content=\"index, follow, max-snippet:-1, max-image-preview:large, max-video-preview:-1\" \/>\n<link rel=\"canonical\" href=\"https:\/\/heimat-und-geschichtsverein-buxtehude.de\/?page_id=405\" \/>\n<meta property=\"og:locale\" content=\"de_DE\" \/>\n<meta property=\"og:type\" content=\"article\" \/>\n<meta property=\"og:title\" content=\"B\u00fcchertisch - Heimat- und Geschichtsverein Buxtehude\" \/>\n<meta property=\"og:description\" content=\"B\u00fcchertisch, Nachstehend aufgef\u00fchrte und vom Heimat-und Geschichtsverein Buxtehude herausgegebene B\u00fccher k\u00f6nnen direkt im Buxtehude\u00b7Museum, Stavenort 2 in Buxtehude erworben oder vom Heimatverein per Post gegen Rechnung zuz\u00fcglich Verpackungs- und Versandkosten verschickt werden:\" \/>\n<meta property=\"og:url\" content=\"https:\/\/heimat-und-geschichtsverein-buxtehude.de\/?page_id=405\" \/>\n<meta property=\"og:site_name\" content=\"Heimat- und Geschichtsverein Buxtehude\" \/>\n<meta property=\"article:modified_time\" content=\"2018-03-16T16:44:42+00:00\" \/>\n<meta name=\"twitter:card\" content=\"summary_large_image\" \/>\n<meta name=\"twitter:label1\" content=\"Gesch\u00e4tzte Lesezeit\" \/>\n\t<meta name=\"twitter:data1\" content=\"1\u00a0Minute\" \/>\n<script type=\"application\/ld+json\" class=\"yoast-schema-graph\">{\"@context\":\"https:\/\/schema.org\",\"@graph\":[{\"@type\":\"WebPage\",\"@id\":\"https:\/\/heimat-und-geschichtsverein-buxtehude.de\/?page_id=405\",\"url\":\"https:\/\/heimat-und-geschichtsverein-buxtehude.de\/?page_id=405\",\"name\":\"B\u00fcchertisch - Heimat- und Geschichtsverein Buxtehude\",\"isPartOf\":{\"@id\":\"https:\/\/heimat-und-geschichtsverein-buxtehude.de\/#website\"},\"datePublished\":\"2018-02-26T22:53:05+00:00\",\"dateModified\":\"2018-03-16T16:44:42+00:00\",\"description\":\"B\u00fcchertisch, Nachstehend aufgef\u00fchrte und vom Heimat-und Geschichtsverein Buxtehude herausgegebene B\u00fccher k\u00f6nnen direkt im Buxtehude\u00b7Museum, Stavenort 2 in Buxtehude erworben oder vom Heimatverein per Post gegen Rechnung zuz\u00fcglich Verpackungs- und Versandkosten verschickt werden:\",\"breadcrumb\":{\"@id\":\"https:\/\/heimat-und-geschichtsverein-buxtehude.de\/?page_id=405#breadcrumb\"},\"inLanguage\":\"de\",\"potentialAction\":[{\"@type\":\"ReadAction\",\"target\":[\"https:\/\/heimat-und-geschichtsverein-buxtehude.de\/?page_id=405\"]}]},{\"@type\":\"BreadcrumbList\",\"@id\":\"https:\/\/heimat-und-geschichtsverein-buxtehude.de\/?page_id=405#breadcrumb\",\"itemListElement\":[{\"@type\":\"ListItem\",\"position\":1,\"name\":\"Startseite\",\"item\":\"https:\/\/heimat-und-geschichtsverein-buxtehude.de\/\"},{\"@type\":\"ListItem\",\"position\":2,\"name\":\"B\u00fcchertisch\"}]},{\"@type\":\"WebSite\",\"@id\":\"https:\/\/heimat-und-geschichtsverein-buxtehude.de\/#website\",\"url\":\"https:\/\/heimat-und-geschichtsverein-buxtehude.de\/\",\"name\":\"Heimat- und Geschichtsverein Buxtehude\",\"description\":\"Heimatverein, Geschichtsverein, Buxtehude\",\"potentialAction\":[{\"@type\":\"SearchAction\",\"target\":{\"@type\":\"EntryPoint\",\"urlTemplate\":\"https:\/\/heimat-und-geschichtsverein-buxtehude.de\/?s={search_term_string}\"},\"query-input\":{\"@type\":\"PropertyValueSpecification\",\"valueRequired\":true,\"valueName\":\"search_term_string\"}}],\"inLanguage\":\"de\"}]}<\/script>\n<!-- \/ Yoast SEO plugin. -->","yoast_head_json":{"title":"B\u00fcchertisch - Heimat- und Geschichtsverein Buxtehude","description":"B\u00fcchertisch, Nachstehend aufgef\u00fchrte und vom Heimat-und Geschichtsverein Buxtehude herausgegebene B\u00fccher k\u00f6nnen direkt im Buxtehude\u00b7Museum, Stavenort 2 in Buxtehude erworben oder vom Heimatverein per Post gegen Rechnung zuz\u00fcglich Verpackungs- und Versandkosten verschickt werden:","robots":{"index":"index","follow":"follow","max-snippet":"max-snippet:-1","max-image-preview":"max-image-preview:large","max-video-preview":"max-video-preview:-1"},"canonical":"https:\/\/heimat-und-geschichtsverein-buxtehude.de\/?page_id=405","og_locale":"de_DE","og_type":"article","og_title":"B\u00fcchertisch - Heimat- und Geschichtsverein Buxtehude","og_description":"B\u00fcchertisch, Nachstehend aufgef\u00fchrte und vom Heimat-und Geschichtsverein Buxtehude herausgegebene B\u00fccher k\u00f6nnen direkt im Buxtehude\u00b7Museum, Stavenort 2 in Buxtehude erworben oder vom Heimatverein per Post gegen Rechnung zuz\u00fcglich Verpackungs- und Versandkosten verschickt werden:","og_url":"https:\/\/heimat-und-geschichtsverein-buxtehude.de\/?page_id=405","og_site_name":"Heimat- und Geschichtsverein Buxtehude","article_modified_time":"2018-03-16T16:44:42+00:00","twitter_card":"summary_large_image","twitter_misc":{"Gesch\u00e4tzte Lesezeit":"1\u00a0Minute"},"schema":{"@context":"https:\/\/schema.org","@graph":[{"@type":"WebPage","@id":"https:\/\/heimat-und-geschichtsverein-buxtehude.de\/?page_id=405","url":"https:\/\/heimat-und-geschichtsverein-buxtehude.de\/?page_id=405","name":"B\u00fcchertisch - Heimat- und Geschichtsverein Buxtehude","isPartOf":{"@id":"https:\/\/heimat-und-geschichtsverein-buxtehude.de\/#website"},"datePublished":"2018-02-26T22:53:05+00:00","dateModified":"2018-03-16T16:44:42+00:00","description":"B\u00fcchertisch, Nachstehend aufgef\u00fchrte und vom Heimat-und Geschichtsverein Buxtehude herausgegebene B\u00fccher k\u00f6nnen direkt im Buxtehude\u00b7Museum, Stavenort 2 in Buxtehude erworben oder vom Heimatverein per Post gegen Rechnung zuz\u00fcglich Verpackungs- und Versandkosten verschickt werden:","breadcrumb":{"@id":"https:\/\/heimat-und-geschichtsverein-buxtehude.de\/?page_id=405#breadcrumb"},"inLanguage":"de","potentialAction":[{"@type":"ReadAction","target":["https:\/\/heimat-und-geschichtsverein-buxtehude.de\/?page_id=405"]}]},{"@type":"BreadcrumbList","@id":"https:\/\/heimat-und-geschichtsverein-buxtehude.de\/?page_id=405#breadcrumb","itemListElement":[{"@type":"ListItem","position":1,"name":"Startseite","item":"https:\/\/heimat-und-geschichtsverein-buxtehude.de\/"},{"@type":"ListItem","position":2,"name":"B\u00fcchertisch"}]},{"@type":"WebSite","@id":"https:\/\/heimat-und-geschichtsverein-buxtehude.de\/#website","url":"https:\/\/heimat-und-geschichtsverein-buxtehude.de\/","name":"Heimat- und Geschichtsverein Buxtehude","description":"Heimatverein, Geschichtsverein, Buxtehude","potentialAction":[{"@type":"SearchAction","target":{"@type":"EntryPoint","urlTemplate":"https:\/\/heimat-und-geschichtsverein-buxtehude.de\/?s={search_term_string}"},"query-input":{"@type":"PropertyValueSpecification","valueRequired":true,"valueName":"search_term_string"}}],"inLanguage":"de"}]}},"_links":{"self":[{"href":"https:\/\/heimat-und-geschichtsverein-buxtehude.de\/index.php?rest_route=\/wp\/v2\/pages\/405"}],"collection":[{"href":"https:\/\/heimat-und-geschichtsverein-buxtehude.de\/index.php?rest_route=\/wp\/v2\/pages"}],"about":[{"href":"https:\/\/heimat-und-geschichtsverein-buxtehude.de\/index.php?rest_route=\/wp\/v2\/types\/page"}],"author":[{"embeddable":true,"href":"https:\/\/heimat-und-geschichtsverein-buxtehude.de\/index.php?rest_route=\/wp\/v2\/users\/1"}],"replies":[{"embeddable":true,"href":"https:\/\/heimat-und-geschichtsverein-buxtehude.de\/index.php?rest_route=%2Fwp%2Fv2%2Fcomments&post=405"}],"version-history":[{"count":4,"href":"https:\/\/heimat-und-geschichtsverein-buxtehude.de\/index.php?rest_route=\/wp\/v2\/pages\/405\/revisions"}],"predecessor-version":[{"id":970,"href":"https:\/\/heimat-und-geschichtsverein-buxtehude.de\/index.php?rest_route=\/wp\/v2\/pages\/405\/revisions\/970"}],"wp:attachment":[{"href":"https:\/\/heimat-und-geschichtsverein-buxtehude.de\/index.php?rest_route=%2Fwp%2Fv2%2Fmedia&parent=405"}],"curies":[{"name":"wp","href":"https:\/\/api.w.org\/{rel}","templated":true}]}}