{"id":106,"date":"2018-02-26T17:01:59","date_gmt":"2018-02-26T17:01:59","guid":{"rendered":"http:\/\/heimat-und-geschichtsverein-buxtehude.de\/?page_id=106"},"modified":"2025-07-20T17:09:24","modified_gmt":"2025-07-20T17:09:24","slug":"vorstand","status":"publish","type":"page","link":"https:\/\/heimat-und-geschichtsverein-buxtehude.de\/?page_id=106","title":{"rendered":"Vorstand"},"content":{"rendered":"<h2>Der Vorstand<\/h2>\n<p><strong>Gesch\u00e4ftsf\u00fchrender Vorstand<\/strong>:<br \/>\nVorsitzender: Dr. Martin C. Lockert sen.<br \/>\nGesch\u00e4ftsf\u00fchrer: Dr. Harald Stechmann<br \/>\nSchatzmeister: Jens Leichsenring<br \/>\n&nbsp;<\/p>\n<p><strong>Weitere Vorstandsmitglieder:<\/strong><\/p>\n<p>Museumsbeauftragte: Karina Schneider<\/p>\n<p>Beauftragter f\u00fcr die Pflege der vereinseigenen H\u00e4user<strong>:<\/strong> Christoph Frenzel<\/p>\n<p>Beauftragte f\u00fcr kulturelle Veranstaltungen: NN<\/p>\n<p>Beauftragter f\u00fcr Stadt- und Regionalgeschichte: Bernd Uterm\u00f6hlen<\/p>\n<p>Beauftragter f\u00fcr die Pflege des Stadtbildes: Prof. Dr. Karsten Ley<\/p>\n<p>Beauftragter f\u00fcr Umwelt- und Naturschutz sowie Landschaftspflege: Guido Seemann<\/p>\n<p>Beauftragte f\u00fcr Plattdeutsch: Helga Peters<\/p>\n<p>Beauftragter f\u00fcr \u00d6ffentlichkeitsarbeit: Hans-Joachim Dammann<\/p>\n<p>Mitglied des Rates der Hansestadt Buxtehude: Petra M\u00f6hle<\/p>\n","protected":false},"excerpt":{"rendered":"<p>Der Vorstand Gesch\u00e4ftsf\u00fchrender Vorstand: Vorsitzender: Dr. Martin C. Lockert sen. Gesch\u00e4ftsf\u00fchrer: Dr. Harald Stechmann Schatzmeister: Jens Leichsenring &nbsp; Weitere Vorstandsmitglieder: Museumsbeauftragte: Karina Schneider Beauftragter f\u00fcr die Pflege der vereinseigenen H\u00e4user: Christoph Frenzel Beauftragte f\u00fcr kulturelle Veranstaltungen: NN Beauftragter f\u00fcr Stadt- und Regionalgeschichte: Bernd Uterm\u00f6hlen Beauftragter f\u00fcr die Pflege des Stadtbildes:\u2026<\/p>\n<p> <a class=\"continue-reading-link\" href=\"https:\/\/heimat-und-geschichtsverein-buxtehude.de\/?page_id=106\"><span>Continue reading<\/span><i class=\"crycon-right-dir\"><\/i><\/a> <\/p>\n","protected":false},"author":1,"featured_media":0,"parent":0,"menu_order":0,"comment_status":"closed","ping_status":"closed","template":"","meta":{"ngg_post_thumbnail":0,"footnotes":""},"yoast_head":"<!-- This site is optimized with the Yoast SEO plugin v23.5 - https:\/\/yoast.com\/wordpress\/plugins\/seo\/ -->\n<title>Vorstand - Heimat- und Geschichtsverein Buxtehude<\/title>\n<meta name=\"description\" content=\"Gesch\u00e4ftsf\u00fchrer: Dr. Martin C. Lockert sen., Schatzmeister: Hans-G\u00fcnther Hermann, Weitere Vorstandsmitglieder: Karina Schneider, Christoph Frenzel, Antje Ghosh, Bernd Uterm\u00f6hlen, Hans-Uwe Hansen, Helmut Gretscher, Walter Marquardt, Hans-Joachim Dammann, Petra M\u00f6hle\" \/>\n<meta name=\"robots\" content=\"index, follow, max-snippet:-1, max-image-preview:large, max-video-preview:-1\" \/>\n<link rel=\"canonical\" href=\"https:\/\/heimat-und-geschichtsverein-buxtehude.de\/?page_id=106\" \/>\n<meta property=\"og:locale\" content=\"de_DE\" \/>\n<meta property=\"og:type\" content=\"article\" \/>\n<meta property=\"og:title\" content=\"Vorstand - Heimat- und Geschichtsverein Buxtehude\" \/>\n<meta property=\"og:description\" content=\"Gesch\u00e4ftsf\u00fchrer: Dr. Martin C. Lockert sen., Schatzmeister: Hans-G\u00fcnther Hermann, Weitere Vorstandsmitglieder: Karina Schneider, Christoph Frenzel, Antje Ghosh, Bernd Uterm\u00f6hlen, Hans-Uwe Hansen, Helmut Gretscher, Walter Marquardt, Hans-Joachim Dammann, Petra M\u00f6hle\" \/>\n<meta property=\"og:url\" content=\"https:\/\/heimat-und-geschichtsverein-buxtehude.de\/?page_id=106\" \/>\n<meta property=\"og:site_name\" content=\"Heimat- und Geschichtsverein Buxtehude\" \/>\n<meta property=\"article:modified_time\" content=\"2025-07-20T17:09:24+00:00\" \/>\n<meta name=\"twitter:card\" content=\"summary_large_image\" \/>\n<meta name=\"twitter:label1\" content=\"Gesch\u00e4tzte Lesezeit\" \/>\n\t<meta name=\"twitter:data1\" content=\"1\u00a0Minute\" \/>\n<script type=\"application\/ld+json\" class=\"yoast-schema-graph\">{\"@context\":\"https:\/\/schema.org\",\"@graph\":[{\"@type\":\"WebPage\",\"@id\":\"https:\/\/heimat-und-geschichtsverein-buxtehude.de\/?page_id=106\",\"url\":\"https:\/\/heimat-und-geschichtsverein-buxtehude.de\/?page_id=106\",\"name\":\"Vorstand - Heimat- und Geschichtsverein Buxtehude\",\"isPartOf\":{\"@id\":\"https:\/\/heimat-und-geschichtsverein-buxtehude.de\/#website\"},\"datePublished\":\"2018-02-26T17:01:59+00:00\",\"dateModified\":\"2025-07-20T17:09:24+00:00\",\"description\":\"Gesch\u00e4ftsf\u00fchrer: Dr. Martin C. Lockert sen., Schatzmeister: Hans-G\u00fcnther Hermann, Weitere Vorstandsmitglieder: Karina Schneider, Christoph Frenzel, Antje Ghosh, Bernd Uterm\u00f6hlen, Hans-Uwe Hansen, Helmut Gretscher, Walter Marquardt, Hans-Joachim Dammann, Petra M\u00f6hle\",\"breadcrumb\":{\"@id\":\"https:\/\/heimat-und-geschichtsverein-buxtehude.de\/?page_id=106#breadcrumb\"},\"inLanguage\":\"de\",\"potentialAction\":[{\"@type\":\"ReadAction\",\"target\":[\"https:\/\/heimat-und-geschichtsverein-buxtehude.de\/?page_id=106\"]}]},{\"@type\":\"BreadcrumbList\",\"@id\":\"https:\/\/heimat-und-geschichtsverein-buxtehude.de\/?page_id=106#breadcrumb\",\"itemListElement\":[{\"@type\":\"ListItem\",\"position\":1,\"name\":\"Startseite\",\"item\":\"https:\/\/heimat-und-geschichtsverein-buxtehude.de\/\"},{\"@type\":\"ListItem\",\"position\":2,\"name\":\"Vorstand\"}]},{\"@type\":\"WebSite\",\"@id\":\"https:\/\/heimat-und-geschichtsverein-buxtehude.de\/#website\",\"url\":\"https:\/\/heimat-und-geschichtsverein-buxtehude.de\/\",\"name\":\"Heimat- und Geschichtsverein Buxtehude\",\"description\":\"Heimatverein, Geschichtsverein, Buxtehude\",\"potentialAction\":[{\"@type\":\"SearchAction\",\"target\":{\"@type\":\"EntryPoint\",\"urlTemplate\":\"https:\/\/heimat-und-geschichtsverein-buxtehude.de\/?s={search_term_string}\"},\"query-input\":{\"@type\":\"PropertyValueSpecification\",\"valueRequired\":true,\"valueName\":\"search_term_string\"}}],\"inLanguage\":\"de\"}]}<\/script>\n<!-- \/ Yoast SEO plugin. -->","yoast_head_json":{"title":"Vorstand - Heimat- und Geschichtsverein Buxtehude","description":"Gesch\u00e4ftsf\u00fchrer: Dr. Martin C. Lockert sen., Schatzmeister: Hans-G\u00fcnther Hermann, Weitere Vorstandsmitglieder: Karina Schneider, Christoph Frenzel, Antje Ghosh, Bernd Uterm\u00f6hlen, Hans-Uwe Hansen, Helmut Gretscher, Walter Marquardt, Hans-Joachim Dammann, Petra M\u00f6hle","robots":{"index":"index","follow":"follow","max-snippet":"max-snippet:-1","max-image-preview":"max-image-preview:large","max-video-preview":"max-video-preview:-1"},"canonical":"https:\/\/heimat-und-geschichtsverein-buxtehude.de\/?page_id=106","og_locale":"de_DE","og_type":"article","og_title":"Vorstand - Heimat- und Geschichtsverein Buxtehude","og_description":"Gesch\u00e4ftsf\u00fchrer: Dr. Martin C. Lockert sen., Schatzmeister: Hans-G\u00fcnther Hermann, Weitere Vorstandsmitglieder: Karina Schneider, Christoph Frenzel, Antje Ghosh, Bernd Uterm\u00f6hlen, Hans-Uwe Hansen, Helmut Gretscher, Walter Marquardt, Hans-Joachim Dammann, Petra M\u00f6hle","og_url":"https:\/\/heimat-und-geschichtsverein-buxtehude.de\/?page_id=106","og_site_name":"Heimat- und Geschichtsverein Buxtehude","article_modified_time":"2025-07-20T17:09:24+00:00","twitter_card":"summary_large_image","twitter_misc":{"Gesch\u00e4tzte Lesezeit":"1\u00a0Minute"},"schema":{"@context":"https:\/\/schema.org","@graph":[{"@type":"WebPage","@id":"https:\/\/heimat-und-geschichtsverein-buxtehude.de\/?page_id=106","url":"https:\/\/heimat-und-geschichtsverein-buxtehude.de\/?page_id=106","name":"Vorstand - Heimat- und Geschichtsverein Buxtehude","isPartOf":{"@id":"https:\/\/heimat-und-geschichtsverein-buxtehude.de\/#website"},"datePublished":"2018-02-26T17:01:59+00:00","dateModified":"2025-07-20T17:09:24+00:00","description":"Gesch\u00e4ftsf\u00fchrer: Dr. Martin C. Lockert sen., Schatzmeister: Hans-G\u00fcnther Hermann, Weitere Vorstandsmitglieder: Karina Schneider, Christoph Frenzel, Antje Ghosh, Bernd Uterm\u00f6hlen, Hans-Uwe Hansen, Helmut Gretscher, Walter Marquardt, Hans-Joachim Dammann, Petra M\u00f6hle","breadcrumb":{"@id":"https:\/\/heimat-und-geschichtsverein-buxtehude.de\/?page_id=106#breadcrumb"},"inLanguage":"de","potentialAction":[{"@type":"ReadAction","target":["https:\/\/heimat-und-geschichtsverein-buxtehude.de\/?page_id=106"]}]},{"@type":"BreadcrumbList","@id":"https:\/\/heimat-und-geschichtsverein-buxtehude.de\/?page_id=106#breadcrumb","itemListElement":[{"@type":"ListItem","position":1,"name":"Startseite","item":"https:\/\/heimat-und-geschichtsverein-buxtehude.de\/"},{"@type":"ListItem","position":2,"name":"Vorstand"}]},{"@type":"WebSite","@id":"https:\/\/heimat-und-geschichtsverein-buxtehude.de\/#website","url":"https:\/\/heimat-und-geschichtsverein-buxtehude.de\/","name":"Heimat- und Geschichtsverein Buxtehude","description":"Heimatverein, Geschichtsverein, Buxtehude","potentialAction":[{"@type":"SearchAction","target":{"@type":"EntryPoint","urlTemplate":"https:\/\/heimat-und-geschichtsverein-buxtehude.de\/?s={search_term_string}"},"query-input":{"@type":"PropertyValueSpecification","valueRequired":true,"valueName":"search_term_string"}}],"inLanguage":"de"}]}},"_links":{"self":[{"href":"https:\/\/heimat-und-geschichtsverein-buxtehude.de\/index.php?rest_route=\/wp\/v2\/pages\/106"}],"collection":[{"href":"https:\/\/heimat-und-geschichtsverein-buxtehude.de\/index.php?rest_route=\/wp\/v2\/pages"}],"about":[{"href":"https:\/\/heimat-und-geschichtsverein-buxtehude.de\/index.php?rest_route=\/wp\/v2\/types\/page"}],"author":[{"embeddable":true,"href":"https:\/\/heimat-und-geschichtsverein-buxtehude.de\/index.php?rest_route=\/wp\/v2\/users\/1"}],"replies":[{"embeddable":true,"href":"https:\/\/heimat-und-geschichtsverein-buxtehude.de\/index.php?rest_route=%2Fwp%2Fv2%2Fcomments&post=106"}],"version-history":[{"count":5,"href":"https:\/\/heimat-und-geschichtsverein-buxtehude.de\/index.php?rest_route=\/wp\/v2\/pages\/106\/revisions"}],"predecessor-version":[{"id":2525,"href":"https:\/\/heimat-und-geschichtsverein-buxtehude.de\/index.php?rest_route=\/wp\/v2\/pages\/106\/revisions\/2525"}],"wp:attachment":[{"href":"https:\/\/heimat-und-geschichtsverein-buxtehude.de\/index.php?rest_route=%2Fwp%2Fv2%2Fmedia&parent=106"}],"curies":[{"name":"wp","href":"https:\/\/api.w.org\/{rel}","templated":true}]}}

<h2>Der Vorstand</h2>
<p><strong>Geschäftsführender Vorstand</strong>:<br />
Vorsitzender: Dr. Martin C. Lockert sen.<br />
Geschäftsführer: Dr. Harald Stechmann<br />
Schatzmeister: Jens Leichsenring<br />
&nbsp;</p>
<p><strong>Weitere Vorstandsmitglieder:</strong></p>
<p>Museumsbeauftragte: Karina Schneider</p>
<p>Beauftragter für die Pflege der vereinseigenen Häuser<strong>:</strong> Christoph Frenzel</p>
<p>Beauftragte für kulturelle Veranstaltungen: NN</p>
<p>Beauftragter für Stadt- und Regionalgeschichte: Bernd Utermöhlen</p>
<p>Beauftragter für die Pflege des Stadtbildes: Prof. Dr. Karsten Ley</p>
<p>Beauftragter für Umwelt- und Naturschutz sowie Landschaftspflege: Guido Seemann</p>
<p>Beauftragte für Plattdeutsch: Helga Peters</p>
<p>Beauftragter für Öffentlichkeitsarbeit: Hans-Joachim Dammann</p>
<p>Mitglied des Rates der Hansestadt Buxtehude: Petra Möhle</p>

<p>Der Vorstand Geschäftsführender Vorstand: Vorsitzender: Dr. Martin C. Lockert sen. Geschäftsführer: Dr. Harald Stechmann Schatzmeister: Jens Leichsenring &nbsp; Weitere Vorstandsmitglieder: Museumsbeauftragte: Karina Schneider Beauftragter für die Pflege der vereinseigenen Häuser: Christoph Frenzel Beauftragte für kulturelle Veranstaltungen: NN Beauftragter für Stadt- und Regionalgeschichte: Bernd Utermöhlen Beauftragter für die Pflege des Stadtbildes:…</p>
<p> <a class="continue-reading-link" href="https://heimat-und-geschichtsverein-buxtehude.de/?page_id=106"><span>Continue reading</span><i class="crycon-right-dir"></i></a> </p>

<!-- This site is optimized with the Yoast SEO plugin v23.5 - https://yoast.com/wordpress/plugins/seo/ -->
<title>Vorstand - Heimat- und Geschichtsverein Buxtehude</title>
<meta name="description" content="Geschäftsführer: Dr. Martin C. Lockert sen., Schatzmeister: Hans-Günther Hermann, Weitere Vorstandsmitglieder: Karina Schneider, Christoph Frenzel, Antje Ghosh, Bernd Utermöhlen, Hans-Uwe Hansen, Helmut Gretscher, Walter Marquardt, Hans-Joachim Dammann, Petra Möhle" />
<meta name="robots" content="index, follow, max-snippet:-1, max-image-preview:large, max-video-preview:-1" />
<link rel="canonical" href="https://heimat-und-geschichtsverein-buxtehude.de/?page_id=106" />
<meta property="og:locale" content="de_DE" />
<meta property="og:type" content="article" />
<meta property="og:title" content="Vorstand - Heimat- und Geschichtsverein Buxtehude" />
<meta property="og:description" content="Geschäftsführer: Dr. Martin C. Lockert sen., Schatzmeister: Hans-Günther Hermann, Weitere Vorstandsmitglieder: Karina Schneider, Christoph Frenzel, Antje Ghosh, Bernd Utermöhlen, Hans-Uwe Hansen, Helmut Gretscher, Walter Marquardt, Hans-Joachim Dammann, Petra Möhle" />
<meta property="og:url" content="https://heimat-und-geschichtsverein-buxtehude.de/?page_id=106" />
<meta property="og:site_name" content="Heimat- und Geschichtsverein Buxtehude" />
<meta property="article:modified_time" content="2025-07-20T17:09:24+00:00" />
<meta name="twitter:card" content="summary_large_image" />
<meta name="twitter:label1" content="Geschätzte Lesezeit" />
	<meta name="twitter:data1" content="1 Minute" />
<script type="application/ld+json" class="yoast-schema-graph">{"@context":"https://schema.org","@graph":[{"@type":"WebPage","@id":"https://heimat-und-geschichtsverein-buxtehude.de/?page_id=106","url":"https://heimat-und-geschichtsverein-buxtehude.de/?page_id=106","name":"Vorstand - Heimat- und Geschichtsverein Buxtehude","isPartOf":{"@id":"https://heimat-und-geschichtsverein-buxtehude.de/#website"},"datePublished":"2018-02-26T17:01:59+00:00","dateModified":"2025-07-20T17:09:24+00:00","description":"Geschäftsführer: Dr. Martin C. Lockert sen., Schatzmeister: Hans-Günther Hermann, Weitere Vorstandsmitglieder: Karina Schneider, Christoph Frenzel, Antje Ghosh, Bernd Utermöhlen, Hans-Uwe Hansen, Helmut Gretscher, Walter Marquardt, Hans-Joachim Dammann, Petra Möhle","breadcrumb":{"@id":"https://heimat-und-geschichtsverein-buxtehude.de/?page_id=106#breadcrumb"},"inLanguage":"de","potentialAction":[{"@type":"ReadAction","target":["https://heimat-und-geschichtsverein-buxtehude.de/?page_id=106"]}]},{"@type":"BreadcrumbList","@id":"https://heimat-und-geschichtsverein-buxtehude.de/?page_id=106#breadcrumb","itemListElement":[{"@type":"ListItem","position":1,"name":"Startseite","item":"https://heimat-und-geschichtsverein-buxtehude.de/"},{"@type":"ListItem","position":2,"name":"Vorstand"}]},{"@type":"WebSite","@id":"https://heimat-und-geschichtsverein-buxtehude.de/#website","url":"https://heimat-und-geschichtsverein-buxtehude.de/","name":"Heimat- und Geschichtsverein Buxtehude","description":"Heimatverein, Geschichtsverein, Buxtehude","potentialAction":[{"@type":"SearchAction","target":{"@type":"EntryPoint","urlTemplate":"https://heimat-und-geschichtsverein-buxtehude.de/?s={search_term_string}"},"query-input":{"@type":"PropertyValueSpecification","valueRequired":true,"valueName":"search_term_string"}}],"inLanguage":"de"}]}</script>
<!-- / Yoast SEO plugin. -->

Geschäftsführer: Dr. Martin C. Lockert sen., Schatzmeister: Hans-Günther Hermann, Weitere Vorstandsmitglieder: Karina Schneider, Christoph Frenzel, Antje Ghosh, Bernd Utermöhlen, Hans-Uwe Hansen, Helmut Gretscher, Walter Marquardt, Hans-Joachim Dammann, Petra Möhle
